the remainder when 121246 is divided by 97.
93
What is the remainder when 32812 is divided by 219?
181
What is the remainder when 6675 is divided by 51?
45
What is the remainder when 897598 is divided by 85?
83
Calculate the remainder when 62249 is divided by 904.
777
What is the remainder when 1722 is divided by 245?
7
What is the remainder when 40270 is divided by 411?
403
Calculate the remainder when 16476 is divided by 16.
12
Calculate the remainder when 21836 is divided by 704.
12
What is the remainder when 5817 is divided by 2882?
53
Calculate the remainder when 29397 is divided by 9781.
54
Calculate the remainder when 8390 is divided by 255.
230
What is the remainder when 951629 is divided by 237906?
5
What is the remainder when 608 is divided by 130?
88
Calculate the remainder when 5517 is divided by 397.
356
Calculate the remainder when 237706 is divided by 279.
277
What is the remainder when 649262 is divided by 868?
866
Calculate the remainder when 30522 is divided by 25.
22
What is the remainder when 2619 is divided by 52?
19
Calculate the remainder when 4093 is divided by 17.
13
What is the remainder when 73682 is divided by 87?
80
Calculate the remainder when 3158 is divided by 3141.
17
Calculate the remainder when 18428 is divided by 172.
24
Calculate the remainder when 10214 is divided by 1905.
689
Calculate the remainder when 2105 is divided by 1006.
93
Calculate the remainder when 879 is divided by 584.
295
What is the remainder when 1468 is divided by 321?
184
What is the remainder when 71505 is divided by 722?
27
What is the remainder when 23705 is divided by 52?
45
What is the remainder when 29724 is divided by 31?
26
Calculate the remainder when 46295 is divided by 1652.
39
What is the remainder when 365399 is divided by 116?
115
What is the remainder when 14210 is divided by 269?
222
Calculate the remainder when 5550 is divided by 27.
15
Calculate the remainder when 4001 is divided by 87.
86
What is the remainder when 80711 is divided by 53?
45
What is the remainder when 12026 is divided by 752?
746
Calculate the remainder when 47973 is divided by 166.
165
Calculate the remainder when 5976 is divided by 398.
6
Calculate the remainder when 415023 is divided by 25.
23
Calculate the remainder when 490543 is divided by 259.
256
What is the remainder when 449 is divided by 281?
168
What is the remainder when 2111908 is divided by 466?
462
Calculate the remainder when 2619 is divided by 56.
43
Calculate the remainder when 1821 is divided by 267.
219
What is the remainder when 125986 is divided by 147?
7
What is the remainder when 8351 is divided by 32?
31
What is the remainder when 232048 is divided by 105?
103
Calculate the remainder when 27952 is divided by 13951.
50
Calculate the remainder when 317 is divided by 54.
47
What is the remainder when 509939 is divided by 45?
44
What is the remainder when 609 is divided by 129?
93
What is the remainder when 63840 is divided by 2366?
2324
What is the remainder when 24497 is divided by 125?
122
What is the remainder when 69029 is divided by 216?
125
Calculate the remainder when 169637 is divided by 56535.
32
What is the remainder when 43279 is divided by 134?
131
Calculate the remainder when 258957 is divided by 415.
412
What is the remainder when 4515 is divided by 40?
35
Calculate the remainder when 146193 is divided by 36545.
13
Calculate the remainder when 5765 is divided by 1313.
513
Calculate the remainder when 15029 is divided by 950.
779
Calculate the remainder when 2297 is divided by 101.
75
What is the remainder when 163073 is divided by 474?
17
Calculate the remainder when 2228 is divided by 66.
50
What is the remainder when 900 is divided by 287?
39
What is the remainder when 56220 is divided by 14049?
24
Calculate the remainder when 31901 is divided by 15.
11
Calculate the remainder when 392132 is divided by 57.
29
Calculate the remainder when 20393 is divided by 6758.
119
Calculate the remainder when 19954 is divided by 498.
34
Calculate the remainder when 5185290 is divided by 843.
840
Calculate the remainder when 5923 is divided by 1952.
67
What is the remainder when 1828143 is divided by 11871?
9
Calculate the remainder when 664441 is divided by 371.
351
What is the remainder when 38414 is divided by 15?
14
What is the remainder when 18247 is divided by 6081?
4
Calculate the remainder when 65619 is divided by 175.
169
What is the remainder when 753653 is divided by 11?
10
Calculate the remainder when 5591 is divided by 99.
47
Calculate the remainder when 16849 is divided by 734.
701
Calculate the remainder when 1438 is divided by 167.
102
What is the remainder when 17432 is divided by 232?
32
Calculate the remainder when 4949 is divided by 311.
284
What is the remainder when 2506 is divided by 279?
274
Calculate the remainder when 5495 is divided by 1363.
43
What is the remainder when 1919255 is divided by 211?
210
Calculate the remainder when 4069 is divided by 176.
21
Calculate the remainder when 23258 is divided by 361.
154
Calculate the remainder when 104049 is divided by 1510.
1369
What is the remainder when 11974 is divided by 73?
2
What is the remainder when 1488 is divided by 368?
16
What is the remainder when 7650 is divided by 78?
6
Calculate the remainder when 72347 is divided by 6027.
23
Calculate the remainder when 654 is divided by 197.
63
What is the remainder when 8503 is divided by 111?
67
Calculate the remainder when 6579 is divided by 298.
23
What is the remainder when 65852 is divided by 192?
188
Calculate the remainder when 7136 is divided by 1771.
52
What is the remainder when 2107 is divided by 253?
83
What is the remainder when 9259 is divided by 711?
16
What is the remainder when 53376 is divided by 712?
688
Calculate the remainder when 63675 is divided by 31832.
11
What is the remainder when 4972 is divided by 4958?
14
What is the remainder when 12835 is divided by 452?
179
What is the remainder when 17702 is divided by 63?
62
What is the remainder when 14091 is divided by 174?
171
Calculate the remainder when 210083 is divided by 1373.
14
What is the remainder when 104427 is divided by 44?
15
Calculate the remainder when 935830 is divided by 16418.
4
Calculate the remainder when 44843 is divided by 33.
29
What is the remainder when 1422 is divided by 581?
260
What is the remainder when 5089 is divided by 319?
304
What is the remainder when 2932 is divided by 108?
16
What is the remainder when 27167 is divided by 216?
167
What is the remainder when 616589 is divided by 153?
152
Calculate the remainder when 26230 is divided by 1009.
1005
Calculate the remainder when 145401 is divided by 446.
5
Calculate the remainder when 2377 is divided by 427.
242
Calculate the remainder when 29711 is divided by 10.
1
What is the remainder when 4336 is divided by 570?
346
Calculate the remainder when 232719 is divided by 25.
19
Calculate the remainder when 4882 is divided by 709.
628
What is the remainder when 282049 is divided by 37?
35
What is the remainder when 10226 is divided by 41?
17
Calculate the remainder when 7937 is divided by 1099.
244
What is the remainder when 959233 is divided by 149?
120
Calculate the remainder when 60469 is divided by 10.
9
What is the remainder when 11975 is divided by 22?
7
What is the remainder when 2273 is divided by 14?
5
What is the remainder when 272424 is divided by 1651?
9
What is the remainder when 2859806 is divided by 17?
15
What is the remainder when 2187 is divided by 713?
48
What is the remainder when 107220 is divided by 26802?
12
What is the remainder when 152075 is divided by 102?
95
What is the remainder when 1676 is divided by 546?
38
Calculate the remainder when 23163 is divided by 27.
24
Calculate the remainder when 50330 is divided by 2778.
326
Calculate the remainder when 6341 is divided by 61.
58
Calculate the remainder when 189399 is divided by 981.
66
Calculate the remainder when 8224 is divided by 275.
249
Calculate the remainder when 13651 is divided by 172.
63
Calculate the remainder when 473968 is divided by 19.
13
What is the remainder when 14214 is divided by 365?
344
Calculate the remainder when 40208 is divided by 18.
14
What is the remainder when 14583 is divided by 730?
713
What i